the prime factors of 4196326.
2, 107, 19609
List the prime factors of 708605.
5, 19, 7459
List the prime factors of 520095.
3, 5, 34673
What are the prime factors of 3108391?
11, 13, 21737
What are the prime factors of 153996?
2, 3, 41, 313
What are the prime factors of 2217773?
2217773
List the prime factors of 92721.
3, 31, 997
List the prime factors of 4843.
29, 167
What are the prime factors of 8748161?
8748161
What are the prime factors of 294634?
2, 179, 823
What are the prime factors of 315041?
47, 6703
What are the prime factors of 457677?
3, 11, 23, 67
List the prime factors of 1012077.
3, 11, 10223
List the prime factors of 81401.
81401
List the prime factors of 1089682.
2, 11, 49531
List the prime factors of 2634581.
23, 114547
What are the prime factors of 2603483?
2603483
What are the prime factors of 1085694?
2, 3, 180949
What are the prime factors of 11381062?
2, 7, 11, 263, 281
What are the prime factors of 398659?
23, 17333
List the prime factors of 1898519.
7, 271217
What are the prime factors of 485242?
2, 242621
List the prime factors of 13079860.
2, 5, 653993
List the prime factors of 4005043.
7, 727, 787
What are the prime factors of 119549?
119549
What are the prime factors of 4794258?
2, 3, 7, 23, 709
What are the prime factors of 192477?
3, 83, 773
What are the prime factors of 2449091?
2449091
List the prime factors of 5019408.
2, 3, 1291
List the prime factors of 236482.
2, 317, 373
What are the prime factors of 6435387?
3, 7, 102149
List the prime factors of 16442015.
5, 3288403
List the prime factors of 13180553.
229, 57557
What are the prime factors of 553645?
5, 110729
List the prime factors of 204543.
3, 22727
List the prime factors of 5775885.
3, 5, 37, 3469
List the prime factors of 133084.
2, 7, 97
What are the prime factors of 128365?
5, 25673
What are the prime factors of 1294965?
3, 5, 7, 4111
List the prime factors of 444231.
3, 16453
List the prime factors of 14149680.
2, 3, 5, 19, 29, 107
What are the prime factors of 291268?
2, 72817
List the prime factors of 31210313.
101, 309013
What are the prime factors of 576712?
2, 72089
What are the prime factors of 299075?
5, 7, 1709
List the prime factors of 815978.
2, 163, 2503
What are the prime factors of 169372?
2, 7, 23, 263
List the prime factors of 2409694.
2, 7, 19, 9059
What are the prime factors of 18860622?
2, 3, 11, 285767
What are the prime factors of 576729?
3, 64081
What are the prime factors of 12966442?
2, 199, 32579
What are the prime factors of 7507459?
7507459
What are the prime factors of 99803?
11, 43, 211
List the prime factors of 3012417.
3, 17, 6563
What are the prime factors of 338549?
233, 1453
List the prime factors of 1741489.
61, 28549
What are the prime factors of 569709?
3, 7, 9043
What are the prime factors of 19453?
7, 397
What are the prime factors of 4799889?
3, 533321
List the prime factors of 1325791.
1325791
What are the prime factors of 571304?
2, 71413
What are the prime factors of 149228?
2, 37307
What are the prime factors of 1954411?
1954411
What are the prime factors of 282248?
2, 35281
List the prime factors of 4998690.
2, 3, 5, 55541
What are the prime factors of 487512?
2, 3, 37, 61
What are the prime factors of 254950?
2, 5, 5099
List the prime factors of 2475430.
2, 5, 73, 3391
List the prime factors of 10369573.
19, 23, 61, 389
What are the prime factors of 5490895?
5, 79, 13901
List the prime factors of 2506690.
2, 5, 439, 571
What are the prime factors of 7524571?
1427, 5273
List the prime factors of 1971758.
2, 151, 6529
List the prime factors of 470249.
13, 61, 593
What are the prime factors of 1470078?
2, 3, 81671
What are the prime factors of 236576?
2, 7393
What are the prime factors of 664010?
2, 5, 23, 2887
List the prime factors of 533010.
2, 3, 5, 109, 163
List the prime factors of 19839638.
2, 7, 13, 67, 1627
What are the prime factors of 1004059?
7, 31, 661
What are the prime factors of 203937?
3, 67979
What are the prime factors of 4761384?
2, 3, 198391
List the prime factors of 179700.
2, 3, 5, 599
What are the prime factors of 5900234?
2, 409, 7213
List the prime factors of 2809404.
2, 3, 13, 23, 29
What are the prime factors of 1757755?
5, 351551
List the prime factors of 4557.
3, 7, 31
List the prime factors of 523468.
2, 11, 11897
What are the prime factors of 926231?
19, 29, 41
List the prime factors of 6251012.
2, 1562753
List the prime factors of 18258304.
2, 67, 2129
List the prime factors of 265345.
5, 53069
What are the prime factors of 200676?
2, 3, 7, 2389
What are the prime factors of 371617?
371617
List the prime factors of 10987844.
2, 7, 392423
What are the prime factors of 25945650?
2, 3, 5, 19219
What are the prime factors of 277651?
11, 43, 587
List the prime factors of 950066.
2, 13, 36541
What are the prime factors of 1024045?
5, 11, 43, 433
List the prime factors of 656293.
11, 59663
What are the prime factors of 1358846?
2, 679423
List the prime factors of 600946.
2, 269, 1117
What are the prime factors of 23790?
2, 3, 5, 13, 61
What are the prime factors of 6378090?
2, 3, 5, 433, 491
What are the prime factors of 1458073?
17, 199, 431
What are the prime factors of 22494543?
3, 61, 122921
List the prime factors of 699262.
2, 127, 2753
List the prime factors of 20360.
2, 5, 509
What are the prime factors of 4421847?
3, 1473949
What are the prime factors of 270723?
3, 31, 41, 71
What are the prime factors of 25038?
2, 3, 13, 107
What are the prime factors of 28193799?
3, 59, 159287
What are the prime factors of 2003191?
2003191
What are the prime factors of 7396432?
2, 23, 101, 199
List the prime factors of 98728.
2, 7, 41, 43
List the prime factors of 1014985.
5, 17, 11941
List the prime factors of 2085553.
149, 13997
List the prime factors of 464115.
3, 5, 30941
What are the prime factors of 1246096?
2, 19, 4099
List the prime factors of 19938692.
2, 4984673
List the prime factors of 27595060.
2, 5, 1379753
What are the prime factors of 516626?
2, 11, 23, 1021
List the prime factors of 305340.
2, 3, 5, 7, 727
What are the prime factors of 126159?
3, 11, 3823
What are the prime factors of 455668?
2, 17, 6701
List the prime factors of 7949970.
2, 3, 5, 7, 12619
What are the prime factors of 581141?
11, 23, 2297
List the prime factors of 14098027.
421, 33487
What are the prime factors of 1657082?
2, 7, 37, 457
List the prime factors of 2550541.
7, 19, 127, 151
What are the prime factors of 229110?
2, 3, 5, 7, 1091
What are the prime factors of 473560?
2, 5, 11839
List the prime factors of 8906148.
2, 3, 247393
List the prime factors of 3405392.
2, 212837
What are the prime factors of 225214?
2, 11, 29, 353
What are the prime factors of 2118143?
71, 29833
List the prime factors of 817149.
3, 272383
What are the prime factors of 2213979?
3, 569, 1297
List the prime factors of 862182.
2, 3, 19, 2521
What are the prime factors of 17661?
3, 7, 29
What are the prime factors of 96728?
2, 107, 113
What are the prime factors of 7059648?
2, 3, 83, 443
What are the prime factors of 327391?
31, 59, 179
What are the prime factors of 243239?
243239
What are the prime factors of 862471?
862471
What are the prime factors of 4021299?
3, 17, 8761
List the prime factors of 3106371.
3, 47, 22031
List the prime factors of 314480.
2, 5, 3931
What are the prime factors of 776951?
7, 17, 6529
List the prime factors of 552698.
2, 103, 2683
List the prime factors of 13993310.
2, 5, 19, 47, 1567
List the prime factors of 992.
2, 31
List the prime factors of 36264111.
3, 13, 17, 83, 659
List the prime factors of 192476.
2, 48119
List the prime factors of 1121654.
2, 560827
What are the prime factors of 1716261?
3, 572087
List the prime factors of 2076579.
3, 179, 1289
List the prime factors of 2879666.
2, 1439833
What are the prime factors of 557619?
3, 185873
What are the prime factors of 1749849?
3, 467, 1249
What are the prime factors of 24955300?
2, 5, 163, 1531
List the prime factors of 1779973.
13, 269, 509
List the prime factors of 1242693.
3, 138077
What are the prime factors of 9294101?
9294101
What are the prime factors of 53007?
3, 17669
List the prime factors of 181826.
2, 229, 397
List the prime factors of 3699872.
2, 11, 23, 457
What are the prime factors of 16512596?
2, 19, 217271
Wh